{"id":1684,"date":"2025-11-22T18:38:17","date_gmt":"2025-11-22T17:38:17","guid":{"rendered":"https:\/\/porticello.pl\/?post_type=product&#038;p=1684"},"modified":"2026-03-25T12:27:00","modified_gmt":"2026-03-25T11:27:00","slug":"3-cotto","status":"publish","type":"product","link":"https:\/\/porticello.pl\/index.php\/product\/3-cotto\/","title":{"rendered":"5) Cotto"},"content":{"rendered":"<h3 data-start=\"3080\" data-end=\"3100\"><strong data-start=\"3084\" data-end=\"3098\">Sk\u0142adniki:<\/strong><\/h3>\n<p data-start=\"3101\" data-end=\"3183\">Pomidory San Marzano, Grana Padano, Mozzarella FDL, szynka cotto, pieczarki, oliwa<\/p>\n<p data-start=\"3400\" data-end=\"3647\">Cotto to pizza o lekkim, delikatnym smaku. \u0141\u0105czy w sobie dojrza\u0142e pomidory San Marzano, kremow\u0105 Mozzarell\u0119 FDL, aromatyczne Grana Padano oraz w\u0142osk\u0105 szynk\u0119 cotto. \u015awie\u017ce pieczarki dope\u0142niaj\u0105 kompozycj\u0119, tworz\u0105c pizz\u0119 \u0142agodn\u0105 i niezwykle przyjemn\u0105.<\/p>\n<p data-start=\"3649\" data-end=\"3828\">Ciasto neapolita\u0144skie wypiekamy w bardzo wysokiej temperaturze, dzi\u0119ki czemu jest mi\u0119kkie, elastyczne i pe\u0142ne aromatu.<br data-start=\"3767\" data-end=\"3770\" \/>To doskona\u0142y wyb\u00f3r na rodzinne posi\u0142ki, lunch lub kolacj\u0119.<\/p>\n<p data-start=\"3830\" data-end=\"3951\"><strong data-start=\"3830\" data-end=\"3853\">S\u0142owa kluczowe SEO:<\/strong><br data-start=\"3853\" data-end=\"3856\" \/>pizza cotto piotrk\u00f3w, pizza z szynk\u0105, pizza 32 cm, pizza neapolita\u0144ska, pizza w\u0142oska porticello<\/p>\n","protected":false},"excerpt":{"rendered":"<p>Delikatna pizza 32 cm z w\u0142osk\u0105 szynk\u0105 cotto, pieczarkami, Mozzarell\u0105 FDL i Grana Padano. Idealna dla mi\u0142o\u015bnik\u00f3w klasyki w Piotrkowie Trybunalskim.<\/p>\n<p>Cena zawiera wliczone opakowanie na wynos +2.50 z\u0142<\/p>\n","protected":false},"featured_media":2348,"template":"","meta":[],"product_brand":[],"product_cat":[34],"product_tag":[45,43,37,40,46,41],"class_list":{"0":"post-1684","1":"product","2":"type-product","3":"status-publish","4":"has-post-thumbnail","6":"product_cat-pizza","7":"product_tag-pizza-cotto","8":"product_tag-pizza-klasyczna","9":"product_tag-pizza-neapolitanska","10":"product_tag-pizza-piotrkow","11":"product_tag-pizza-z-szynka","12":"product_tag-porticello","14":"first","15":"instock","16":"taxable","17":"shipping-taxable","18":"purchasable","19":"product-type-simple"},"jetpack_sharing_enabled":true,"_links":{"self":[{"href":"https:\/\/porticello.pl\/index.php\/wp-json\/wp\/v2\/product\/1684","targetHints":{"allow":["GET"]}}],"collection":[{"href":"https:\/\/porticello.pl\/index.php\/wp-json\/wp\/v2\/product"}],"about":[{"href":"https:\/\/porticello.pl\/index.php\/wp-json\/wp\/v2\/types\/product"}],"wp:featuredmedia":[{"embeddable":true,"href":"https:\/\/porticello.pl\/index.php\/wp-json\/wp\/v2\/media\/2348"}],"wp:attachment":[{"href":"https:\/\/porticello.pl\/index.php\/wp-json\/wp\/v2\/media?parent=1684"}],"wp:term":[{"taxonomy":"product_brand","embeddable":true,"href":"https:\/\/porticello.pl\/index.php\/wp-json\/wp\/v2\/product_brand?post=1684"},{"taxonomy":"product_cat","embeddable":true,"href":"https:\/\/porticello.pl\/index.php\/wp-json\/wp\/v2\/product_cat?post=1684"},{"taxonomy":"product_tag","embeddable":true,"href":"https:\/\/porticello.pl\/index.php\/wp-json\/wp\/v2\/product_tag?post=1684"}],"curies":[{"name":"wp","href":"https:\/\/api.w.org\/{rel}","templated":true}]}}