{"id":1690,"date":"2025-11-22T18:44:00","date_gmt":"2025-11-22T17:44:00","guid":{"rendered":"https:\/\/porticello.pl\/?post_type=product&#038;p=1690"},"modified":"2026-03-25T12:27:00","modified_gmt":"2026-03-25T11:27:00","slug":"8-salame-32-cm","status":"publish","type":"product","link":"https:\/\/porticello.pl\/index.php\/product\/8-salame-32-cm\/","title":{"rendered":"10) Salame"},"content":{"rendered":"<p data-start=\"9647\" data-end=\"9851\">Salame to pizza pe\u0142na charakteru i intensywno\u015bci. Na pomidorach San Marzano \u0142\u0105czymy Mozzarell\u0119 FDL, Grana Padano oraz wyraziste Salame Napoli, kt\u00f3re nadaje jej g\u0142\u0119bokiego aromatu i w\u0142oskiego temperamentu.<\/p>\n<p data-start=\"9853\" data-end=\"9949\">To idealny wyb\u00f3r dla os\u00f3b, kt\u00f3re szukaj\u0105 klasycznej, wyrazistej pizzy o mocnym profilu smakowym.<\/p>\n<p><strong data-start=\"9951\" data-end=\"9974\">S\u0142owa kluczowe SEO:<\/strong><br data-start=\"9974\" data-end=\"9977\" \/>pizza salame piotrk\u00f3w, salame napoli, pizza 32 cm, pizza neapolita\u0144ska, pizza w\u0142oska porticello<\/p>\n","protected":false},"excerpt":{"rendered":"<h3 data-start=\"9364\" data-end=\"9384\"><strong data-start=\"9368\" data-end=\"9382\">Sk\u0142adniki:<\/strong><\/h3>\n<p data-start=\"9385\" data-end=\"9457\">Pomidory San Marzano, Grana Padano, Mozzarella FDL, Salame Napoli, oliwa<\/p>\n<p data-start=\"9385\" data-end=\"9457\">Wyrazista pizza 32 cm na pomidorach San Marzano z Salame Napoli, Mozzarell\u0105 FDL i Grana Padano. Mocny w\u0142oski charakter.<\/p>\n<p data-start=\"9385\" data-end=\"9457\">\n<p data-start=\"9385\" data-end=\"9457\">Cena zawiera wliczone opakowanie na wynos +2.50 z\u0142<\/p>\n","protected":false},"featured_media":2318,"template":"","meta":[],"product_brand":[],"product_cat":[34],"product_tag":[37,40,61,39,41,62],"class_list":{"0":"post-1690","1":"product","2":"type-product","3":"status-publish","4":"has-post-thumbnail","6":"product_cat-pizza","7":"product_tag-pizza-neapolitanska","8":"product_tag-pizza-piotrkow","9":"product_tag-pizza-salame","10":"product_tag-pizza-wloska","11":"product_tag-porticello","12":"product_tag-salame-napoli","14":"first","15":"instock","16":"taxable","17":"shipping-taxable","18":"purchasable","19":"product-type-simple"},"jetpack_sharing_enabled":true,"_links":{"self":[{"href":"https:\/\/porticello.pl\/index.php\/wp-json\/wp\/v2\/product\/1690","targetHints":{"allow":["GET"]}}],"collection":[{"href":"https:\/\/porticello.pl\/index.php\/wp-json\/wp\/v2\/product"}],"about":[{"href":"https:\/\/porticello.pl\/index.php\/wp-json\/wp\/v2\/types\/product"}],"wp:featuredmedia":[{"embeddable":true,"href":"https:\/\/porticello.pl\/index.php\/wp-json\/wp\/v2\/media\/2318"}],"wp:attachment":[{"href":"https:\/\/porticello.pl\/index.php\/wp-json\/wp\/v2\/media?parent=1690"}],"wp:term":[{"taxonomy":"product_brand","embeddable":true,"href":"https:\/\/porticello.pl\/index.php\/wp-json\/wp\/v2\/product_brand?post=1690"},{"taxonomy":"product_cat","embeddable":true,"href":"https:\/\/porticello.pl\/index.php\/wp-json\/wp\/v2\/product_cat?post=1690"},{"taxonomy":"product_tag","embeddable":true,"href":"https:\/\/porticello.pl\/index.php\/wp-json\/wp\/v2\/product_tag?post=1690"}],"curies":[{"name":"wp","href":"https:\/\/api.w.org\/{rel}","templated":true}]}}