{"id":2269,"date":"2026-02-03T13:05:43","date_gmt":"2026-02-03T12:05:43","guid":{"rendered":"https:\/\/porticello.pl\/?post_type=product&#038;p=2269"},"modified":"2026-03-25T12:39:48","modified_gmt":"2026-03-25T11:39:48","slug":"3-quatro-formaggi","status":"publish","type":"product","link":"https:\/\/porticello.pl\/index.php\/product\/3-quatro-formaggi\/","title":{"rendered":"3) Quatro Formaggi"},"content":{"rendered":"<p data-start=\"523\" data-end=\"705\">Pizza <strong data-start=\"529\" data-end=\"548\">Quatro Formaggi<\/strong> to propozycja dla prawdziwych mi\u0142o\u015bnik\u00f3w sera. W Porticello stawiamy na <strong data-start=\"621\" data-end=\"653\">oryginalne w\u0142oskie sk\u0142adniki<\/strong> i wyrazisty smak, kt\u00f3ry zostaje w pami\u0119ci na d\u0142ugo.<\/p>\n<p data-start=\"707\" data-end=\"943\">Baz\u0105 pizzy jest <strong data-start=\"723\" data-end=\"774\">r\u0119cznie wyrabiane ciasto w stylu neapolita\u0144skim<\/strong>, wypiekane w wysokiej temperaturze, dzi\u0119ki czemu jest lekkie, spr\u0119\u017cyste i delikatnie chrupi\u0105ce na brzegach. Na nim uk\u0142adamy starannie dobran\u0105 kompozycj\u0119 czterech ser\u00f3w:<\/p>\n<ul data-start=\"945\" data-end=\"1085\">\n<li data-start=\"945\" data-end=\"976\">\n<p data-start=\"947\" data-end=\"976\">kremow\u0105 <strong data-start=\"955\" data-end=\"973\">Mozzarell\u0119 FDL<\/strong>,<\/p>\n<\/li>\n<li data-start=\"977\" data-end=\"1009\">\n<p data-start=\"979\" data-end=\"1009\">intensywny <strong data-start=\"990\" data-end=\"1006\">Grana Padano<\/strong>,<\/p>\n<\/li>\n<li data-start=\"1010\" data-end=\"1047\">\n<p data-start=\"1012\" data-end=\"1047\">delikatnie pikantny <strong data-start=\"1032\" data-end=\"1044\">Taleggio<\/strong>,<\/p>\n<\/li>\n<li data-start=\"1048\" data-end=\"1085\">\n<p data-start=\"1050\" data-end=\"1085\">charakterystyczn\u0105 <strong data-start=\"1068\" data-end=\"1082\">Gorgonzol\u0119<\/strong>.<\/p>\n<\/li>\n<\/ul>\n<p data-start=\"1087\" data-end=\"1217\">Ca\u0142o\u015b\u0107 dope\u0142niamy <strong data-start=\"1105\" data-end=\"1130\">\u015bwie\u017cym szczypiorkiem<\/strong> oraz <strong data-start=\"1136\" data-end=\"1165\">chrupi\u0105c\u0105 cebulk\u0105 pra\u017con\u0105<\/strong>, kt\u00f3re nadaj\u0105 pizzy lekko\u015bci i dodatkowej tekstury.<\/p>\n<p data-start=\"1219\" data-end=\"1351\">To idealny wyb\u00f3r, je\u015bli szukasz <strong data-start=\"1251\" data-end=\"1276\">serowej pizzy premium<\/strong> w Piotrkowie Trybunalskim \u2014 na miejscu, na wynos lub z odbiorem osobistym.<\/p>\n","protected":false},"excerpt":{"rendered":"<p>Cztery wyraziste sery w idealnej harmonii. Klasyczna w\u0142oska pizza Quatro Formaggi na cie\u015bcie neapolita\u0144skim, wyko\u0144czona \u015bwie\u017cym szczypiorkiem i chrupi\u0105c\u0105 cebulk\u0105 pra\u017con\u0105.<\/p>\n<p>Cena zawiera wliczone opakowanie na wynos +2.50 z\u0142<\/p>\n","protected":false},"featured_media":2279,"template":"","meta":[],"product_brand":[],"product_cat":[34],"product_tag":[166,168,44,37,165,39,169,170,164,167],"class_list":{"0":"post-2269","1":"product","2":"type-product","3":"status-publish","4":"has-post-thumbnail","6":"product_cat-pizza","7":"product_tag-gorgonzola","8":"product_tag-grana-padano","9":"product_tag-mozzarella-fdl","10":"product_tag-pizza-neapolitanska","11":"product_tag-pizza-serowa","12":"product_tag-pizza-wloska","13":"product_tag-pizzeria-piotrkow-trybunalski","14":"product_tag-porticello-pizza","15":"product_tag-quatro-formaggi","16":"product_tag-taleggio","18":"first","19":"instock","20":"taxable","21":"shipping-taxable","22":"purchasable","23":"product-type-simple"},"jetpack_sharing_enabled":true,"_links":{"self":[{"href":"https:\/\/porticello.pl\/index.php\/wp-json\/wp\/v2\/product\/2269","targetHints":{"allow":["GET"]}}],"collection":[{"href":"https:\/\/porticello.pl\/index.php\/wp-json\/wp\/v2\/product"}],"about":[{"href":"https:\/\/porticello.pl\/index.php\/wp-json\/wp\/v2\/types\/product"}],"wp:featuredmedia":[{"embeddable":true,"href":"https:\/\/porticello.pl\/index.php\/wp-json\/wp\/v2\/media\/2279"}],"wp:attachment":[{"href":"https:\/\/porticello.pl\/index.php\/wp-json\/wp\/v2\/media?parent=2269"}],"wp:term":[{"taxonomy":"product_brand","embeddable":true,"href":"https:\/\/porticello.pl\/index.php\/wp-json\/wp\/v2\/product_brand?post=2269"},{"taxonomy":"product_cat","embeddable":true,"href":"https:\/\/porticello.pl\/index.php\/wp-json\/wp\/v2\/product_cat?post=2269"},{"taxonomy":"product_tag","embeddable":true,"href":"https:\/\/porticello.pl\/index.php\/wp-json\/wp\/v2\/product_tag?post=2269"}],"curies":[{"name":"wp","href":"https:\/\/api.w.org\/{rel}","templated":true}]}}